e?
True
Is 12516231415 a prime number?
False
Is 396147937 a prime number?
False
Is 195292961 prime?
True
Is 73798381457 a prime number?
True
Is 6630144545 a prime number?
False
Is 3921760361 a prime number?
False
Is 70207316801 composite?
False
Is 50428367653 a prime number?
False
Is 4265608247 composite?
False
Is 2543343001 a composite number?
True
Is 57105107 a composite number?
False
Is 772895041 a composite number?
True
Is 257838839 a composite number?
False
Is 10579600579 composite?
True
Is 23705988611 composite?
True
Is 156957907 prime?
True
Is 11061779437 a prime number?
True
Is 3409013261 prime?
True
Is 374932769 a prime number?
False
Is 218082517 a prime number?
True
Is 101217287047 composite?
True
Is 3200068957 a prime number?
True
Is 19400189689 a composite number?
False
Is 1767932567 prime?
False
Is 298717589 a composite number?
True
Is 175864093939 prime?
True
Is 45411876129 a prime number?
False
Is 168483283 prime?
True
Is 351568097 a composite number?
False
Is 88928774083 a prime number?
True
Is 242719369 composite?
False
Is 61844021 a composite number?
False
Is 2085591961 prime?
True
Is 19745946659 a composite number?
True
Is 1848582829 prime?
True
Is 22064542793 a composite number?
False
Is 2907272191 composite?
False
Is 1932378941 composite?
True
Is 7123694749 composite?
False
Is 269328617 composite?
True
Is 897294511 a prime number?
False
Is 9910669389 a prime number?
False
Is 39944603823 composite?
True
Is 6723376243 composite?
True
Is 22061171807 a composite number?
True
Is 9202321265 a composite number?
True
Is 1406835647 a prime number?
False
Is 2536742581 a composite number?
True
Is 434197574443 a prime number?
False
Is 1897266209 prime?
True
Is 28086363397 a composite number?
True
Is 442816849 composite?
False
Is 9590486 a composite number?
True
Is 1611040251 composite?
True
Is 64896542959 composite?
False
Is 5737970006 a prime number?
False
Is 2779356467 prime?
True
Is 1505872315 prime?
False
Is 4656472235 a prime number?
False
Is 3936262999 a composite number?
True
Is 115748446691 a prime number?
False
Is 9039547963 composite?
False
Is 106198107671 prime?
False
Is 36085336307 a prime number?
False
Is 31352857561 prime?
False
Is 7788781417 prime?
False
Is 3793366529 prime?
True
Is 2465889089 a composite number?
True
Is 5416878451 composite?
True
Is 1555175397 a composite number?
True
Is 15874925389 a prime number?
True
Is 58414991 a composite number?
False
Is 20283886003 a composite number?
False
Is 2901309569 a prime number?
True
Is 5193531907 prime?
False
Is 37873373831 a composite number?
False
Is 91812181579 composite?
False
Is 949360807 prime?
True
Is 529905913 a composite number?
False
Is 3111354863 a composite number?
False
Is 155558743 a prime number?
False
Is 902094419 a composite number?
True
Is 9509712437 a composite number?
False
Is 1235021999 prime?
False
Is 84070139047 a composite number?
False
Is 16806738649 a prime number?
True
Is 25236191803 a prime number?
False
Is 9700219843 composite?
True
Is 781331027 composite?
True
Is 129322616779 prime?
True
Is 1140095581 prime?
True
Is 5084072401 a prime number?
False
Is 75422309407 a composite number?
False
Is 1287277843 prime?
True
Is 52586062981 prime?
True
Is 2094267731 prime?
False
Is 90844969 composite?
True
Is 31296367313 a prime number?
False
Is 213091601 composite?
True
Is 3049526257 a composite number?
True
Is 1714347937 a prime number?
True
Is 6310410487 prime?
False
Is 8187778913 a composite number?
False
Is 6744397061 a composite number?
True
Is 350954561 a prime number?
True
Is 6235575527 prime?
False
Is 5099238029 a prime number?
False
Is 1802506971 a composite number?
True
Is 14976345346 a composite number?
True
Is 924268057 composite?
False
Is 3578207527 a prime number?
True
Is 4344680461 a composite number?
True
Is 59122311377 a composite number?
True
Is 640402859 prime?
True
Is 7848704663 prime?
True
Is 20426573849 composite?
True
Is 170079719 composite?
True
Is 13377079621 a composite number?
False
Is 642877097273 prime?
True
Is 15159685501 composite?
False
Is 166478449 a composite number?
True
Is 1647138461 composite?
True
Is 84870349 prime?
True
Is 21288754873 composite?
False
Is 101068741 a composite number?
True
Is 120983606 prime?
False
Is 6085679173 a composite number?
True
Is 554052131 prime?
True
Is 26760621449 a prime number?
False
Is 32671646899 composite?
False
Is 25757763047 a composite number?
False
Is 1558211749 composite?
False
Is 2779642189 composite?
True
Is 7349330141 a composite number?
False
Is 308609767 prime?
True
Is 6288089903 prime?
True
Is 6516515791 prime?
True
Is 9894444283 prime?
True
Is 4463749537 a prime number?
False
Is 642464953 prime?
False
Is 20826921971 composite?
True
Is 496570127 a composite number?
True
Is 255584221063 composite?
False
Is 2810492843 a prime number?
False
Is 948910933 a composite number?
False
Is 73404537727 prime?
False
Is 2277550113 prime?
False
Is 80257140277 prime?
True
Is 2011301969 a composite number?
False
Is 1044918656741 composite?
False
Is 230964719 a composite number?
False
Is 30347699 a composite number?
True
Is 55849825619 a composite number?
True
Is 860499401 composite?
False
Is 5203021253 prime?
False
Is 20723844829 a prime number?
False
Is 240577063 a prime number?
True
Is 50729533 a prime number?
False
Is 1002278911 a composite number?
True
Is 35806242961 a prime number?
False
Is 33572447 composite?
False
Is 24010232849 composite?
True
Is 1902138167 a composite number?
True
Is 209174261 prime?
True
Is 66665644765 a prime number?
False
Is 677035906 prime?
False
Is 698362931 composite?
True
Is 117994680959 a prime number?
False
Is 30673679063 composite?
False
Is 3377109577 a composite number?
True
Is 289470533379 a prime number?
False
Is 12336819169 a prime number?
False
Is 333781435213 prime?
False
Is 3606681333 prime?
False
Is 1397678281 composite?
True
Is 13381947907 a composite number?
True
Is 2257449349 composite?
True
Is 1022507359 composite?
False
Is 131706212959 composite?
False
Is 212731723 a prime number?
True
Is 162609673 composite?
False
Is 1589010569 prime?
True
Is 10847104501 composite?
False
Is 1551098027 a prime number?
False
Is 21448379 a composite number?
False
Is 2641026233 a prime number?
False
Is 642991399 a prime number?
False
Is 73908467 prime?
False
Is 94347895567 a composite number?
False
Is 1851473219 a prime number?
True
Is 153603707 a prime number?
False
Is 252955333 composite?
False
Is 879782359 composite?
True
Is 12424299731 a prime number?
True
Is 36886123789 prime?
True
Is 478753885 composite?
True
Is 4958817977 a prime number?
False
Is 1444188467 a prime number?
False
Is 1119481633 a composite number?
False
Is 1844920645 a composite number?
True
Is 13441863361 prime?
True
Is 46357683711 a prime number?
False
Is 7773446621 composite?
True
Is 3094632301 a prime number?
False
Is 3028528417 a composite number?
False
Is 34036785547 prime?
False
Is 29305978147 prime?
True
Is 22319513561 composite?
True
Is 1284197197 a composite number?
False
Is 5686044257 a composite number?
False
Is 16030351829 composite?
False
Is 40273944857 a composite number?
False
Is 3611809753 composite?
False
Is 3727254599 prime?
False
Is 8852325577 a prime number?
False
Is 80853183877 a prime number?
True
Is 25639231 a composite number?
False
Is 42942729121 composite?
False
Is 1427664449 composite?
True
Is 156841492961 a composite number?
True
Is 275542243 a prime number?
True
Is 1836009913 prime?
False
Is 16634609867 a composite number?
False
Is 3115594043 a composite number?
False
Is 1635954841 composite?
False
Is 1718789 composite?
False
Is 5720138687 a prime number?
True
Is 23137529 a composite number?
False
Is 13551196471 a composite number?
True
Is 34802013487 composite?
False
Is 693038033 a composite number?
False
Is 4851602851 prime?
False
Is 76654767253 a prime number?
False
Is 18007202467 composite?
False
Is 6112154387 a composite number?
False
Is 418994531 a prime number?
True
Is 284345161 a prime number?
False
Is 15337250393 composite?
False
Is 4654772237 a prime number?
True
Is 9357635893 a composite number?
False
Is 12552746513 prime?
True
Is 1750517801 prime?
False
Is 7243969001 composite?
False
Is 215554931 a prime number?
True
Is 556598851 a composit